 + 12. Let w = 8 - -10. Calculate the highest common factor of t and w.
6
Let t(m) = -m**2 + 515. Let h be t(0). Suppose -2*n = -l + 126, 0*n = -4*l - 3*n + h. Calculate the greatest common divisor of 16 and l.
16
Suppose 3*k = -k + 48. Let n be 4/k + 701/3. What is the greatest common factor of 26 and n?
26
Suppose -3*m + 588 = 2*j, -5*m + j + 0*j = -967. Let l be m/7 + 2/7. What is the highest common factor of l and 4?
4
Suppose -16 = 3*u - 2*d, -d - d = 2*u + 4. Let k be 211/4 - (-3)/u. Let f = 92 - k. Calculate the greatest common divisor of f and 10.
10
Let k(w) = w**2 + 2*w - 2. Let j be k(-3). Let t be (-9)/((-15)/6 + j). Calculate the greatest common factor of 30 and t.
6
Let a be (-447)/(-6) + 6/4. Calculate the greatest common divisor of 19 and a.
19
Let g(o) = 2*o**3 - 4*o - 12. Let v be g(6). Calculate the highest common divisor of 36 and v.
36
Let d be 14/4*(-12)/(-6). What is the highest common factor of 7 and d?
7
Let q = -33 - -23. Let a be (-4)/q - 216/(-60). What is the greatest common divisor of 36 and a?
4
Let b(k) = k**2 + 5*k + 5. Let s be b(-5). Suppose -5*q + 10 = -3*q. What is the greatest common factor of s and q?
5
Let s(p) = -p**2 - 9*p. Let r be s(-6). Suppose 0 = -5*y + 5*q + 810, -5*y + 810 = -4*q + 2*q. What is the highest common factor of r and y?
18
Let a(o) = -o**3 - o - 11. Let w be a(0). Let k = 27 + -29. Let x = k - w. Calculate the highest common factor of x and 3.
3
Suppose 4*x - 55 = -3*f + 6, 5*x = f - 52. Let a(t) = -2*t**3 - 3*t**2 + 4*t + 3. Let y be a(-3). Calculate the highest common divisor of y and f.
9
Let s = 179 - 154. Calculate the greatest common divisor of s and 15.
5
Let r(f) be the second derivative of f**4/12 + f**3/6 - f**2 + 2*f. Let w be r(6). What is the highest common divisor of 16 and w?
8
Let s = 15 - -1. What is the greatest common divisor of 48 and s?
16
Let j(v) = v**2 - 3*v. Let g be j(5). Let u be (36/45)/(1/5). Calculate the greatest common divisor of u and g.
2
Let s = 12 + -6. Suppose z - 5*d = 23, d + 67 = s*z - z. Calculate the highest common factor of z and 13.
13
Suppose -4*a = 4*b + 92, -b + 32 = -3*a - 25. Let n be 1/(-4) + (-1045)/a. Let o(f) = f**2 - f - 7. Let k be o(5). What is the highest common factor of n and k?
13
Let n be 263/4 + 4/16. Let u = n - 39. Calculate the highest common divisor of 9 and u.
9
Let n(k) be the first derivative of 3*k**4/4 + k**3/3 - 2*k**2 + 3*k + 1. Let x be n(2). Calculate the greatest common divisor of 46 and x.
23
Let f(q) = 6*q**2 + 3*q + 8. Let h be f(-4). What is the highest common divisor of 23 and h?
23
Let n be 6/24 - (-2)/(-8). Suppose z = -n*r + r + 7, 3*r = -9. Calculate the highest common divisor of 20 and z.
4
Suppose 0 = -2*d + 4*d - 96. Calculate the highest common factor of d and 12.
12
Suppose -2*m + 5*m - 102 = 0. What is the highest common divisor of 17 and m?
17
Suppose -2*n - c = -4*c - 125, -3*n + 204 = c. Let l = -47 + n. Suppose -2 = -5*k + 48. What is the greatest common factor of l and k?
10
Let b(u) = 1 + u + 1 - 4. Let h be b(5). Suppose 3*t - k - 14 = 0, -38 + 8 = -5*t + 3*k. What is the highest common factor of h and t?
3
Suppose 0 = 25*c - 26*c + 46. What is the greatest common divisor of c and 69?
23
Let b be 10/(-2 + 4)*1. Let c(x) = -x**3 + 7*x**2 - 6*x + 1. Let m be c(6). What is the greatest common factor of m and b?
1
Let d(j) = 4 + 3*j + j - j**3 - 3*j**2 - 2*j**3. Let f be d(-4). Suppose -2*c + 7*c - 60 = 0. What is the highest common factor of c and f?
12
Let a(h) = -h**3 - 2*h**2 + 2*h - 3. Let v be ((-3)/(-2))/((-2)/4). Let d be a(v). Let o be 3 + -2 + (d - -1). Calculate the highest common divisor of 18 and o.
2
Let t be (1/2)/((-2)/(-8)). Suppose 0 = -2*h + 9*h - 112. Calculate the greatest common factor of h and t.
2
Suppose -24 = -5*q + 2*j - 98, q - 2*j + 18 = 0. Suppose 0*w - 144 = 3*w. Let l be (q + -1)*w/9. What is the greatest common factor of l and 10?
10
Suppose 2*l = -5*o + 6*l + 73, 0 = 4*o + 3*l - 77. What is the greatest common factor of o and 34?
17
Let y be 4/(5 + -1) + -36. Let p be ((-30)/y)/(1/49). What is the greatest common factor of p and 14?
14
Let n = 6 + -1. Suppose v + n = 2*s, -2*v - 10 = 4*s - 2*s. Suppose 5*l = -t + 44, 5*l - 5*t + 10 - 30 = s. What is the greatest common divisor of l and 64?
8
Let s(k) = 4*k**3 + 1. Let p be s(1). Suppose -2*x + 9*b = 4*b - 425, -p*x - 2*b + 1106 = 0. What is the highest common factor of 20 and x?
20
Let m be (-2 + -3)*(-2)/2. Let t be ((-2)/m)/((-4)/20). Calculate the greatest common factor of 6 and t.
2
Suppose -5 = -3*f + 4. Suppose 489 = 4*i - 3*h, -2*i + f*h + 133 + 104 = 0. Let c(o) = 7*o - 7. Let a be c(4). What is the highest common divisor of a and i?
21
Let k = -5 - -37. Suppose d = 3*f + 137, 5*f - 119 = -4*d + 378. Calculate the highest common divisor of d and k.
32
Let v = -8 + 22. Let g(m) = -8*m - 2. Let s be g(-2). Calculate the highest common divisor of v and s.
14
Let x = -212 - -297. Let u(o) be the first derivative of 2*o**2 - 3*o - 1. Let l be u(5). What is the highest common factor of x and l?
17
Suppose 4*t - 2*b = 134, t - 5*b + 10*b = 39. What is the greatest common divisor of t and 17?
17
Let o = 1 + 3. Suppose -o*v + 165 - 37 = -2*b, 4*b - 128 = -4*v. Calculate the greatest common factor of 8 and v.
8
Let i(a) = -a**3 + 2*a**2 + 13 + 5*a**2 - 10*a + 5*a**2. Let b be i(11). Calculate the highest common divisor of b and 240.
24
Let b = 19 - 12. Calculate the greatest common factor of 21 and b.
7
Let q = -48 - -68. What is the greatest common divisor of 140 and q?
20
Let d(k) = 4*k - 11. Let r be d(6). Calculate the highest common factor of r and 104.
13
Suppose 0 + 2 = 2*l. What is the greatest common divisor of l and 2?
1
Let w = 19 + -8. Let l be (1 - 3)*99/(-6). Calculate the greatest common divisor of w and l.
11
Suppose 193 = 4*n - 127. Let w be (-6)/(-14) - 402/(-42). Calculate the greatest common factor of w and n.
10
Let n(v) = 2*v**2 + 9*v + 8. Let c be n(-5). What is the highest common factor of 26 and c?
13
Let u be (-86)/(-12) + (-5)/30. Let i(x) = x**2 - x - 6. Let f be i(5). Calculate the highest common factor of u and f.
7
Let f(h) = 5*h**2 - 4*h + 5. Let m(w) = -w**2 - 1. Let p(n) = f(n) + 6*m(n). Let t be p(-2). Calculate the highest common divisor of 33 and t.
3
Let n be -2*(0 + -3 + 2). Let c = n - 1. Suppose 0 = -2*w - c + 101. What is the greatest common divisor of w and 10?
10
Suppose -3*w + w - 2*s = -50, 3*w - 4*s - 54 = 0. Suppose 5*z - w - 18 = 0. Suppose z + 5 = p. What is the greatest common divisor of 13 and p?
13
Let a = -34 - -41. Calculate the highest common factor of a and 35.
7
Let j = -79 + 169. What is the highest common factor of 9 and j?
9
Let v(x) be the second derivative of 52*x**5/5 + x**4/12 + x**3/6 - x**2/2 - 2*x. Let o be v(1). Calculate the highest common divisor of 19 and o.
19
Suppose 4*u + 2*f - 740 = 0, 5*f = -4*u + f + 732. What is the highest common divisor of 17 and u?
17
Suppose 4*b - 72 = -4*x, 2*b + 3*x - 13 = 25. Suppose b = 4*u - 3*u. Calculate the greatest common divisor of u and 16.
16
Let s(g) = g**3 - 5*g**2 - 5*g - 3. Let z be s(6). Calculate the greatest common factor of 24 and z.
3
Let g be 4/(-18) + 94/18. Let y be 5*g*(-8)/(-20). Calculate the greatest common factor of y and 20.
10
Suppose -3*r + 9 = 2*y - 135, -5*y = 0. Suppose 4*j + 109 + 63 = 5*x, 3*j = 2*x - 73. Calculate the greatest common factor of x and r.
16
Suppose -t + 9 = -4*t, 0 = -4*b + 2*t + 182. Let u(d) = d**3 + 5*d**2 - 2*d + 8. Let y be u(-6). Let i = b - y. What is the greatest common factor of i and 24?
12
Let w(y) = -y**2 + 12*y - 23. Let i be w(8). Calculate the highest common factor of 45 and i.
9
Let u(z) = z**2 - z. Let f be u(-5). Suppose -f = 2*g - 110. Let i be (-7 - 1)/(1*-1). What is the highest common divisor of g and i?
8
Let f = -10 - -20. Suppose 3*n + 153 = 483. What is the greatest common factor of f and n?
10
Let z(k) = 2*k. Let u be z(2). Suppose -6 + 18 = u*f. Let n = 7 + -4. What is the greatest common factor of f and n?
3
Let l = -18 - -50. What is the highest common divisor of l and 32?
32
Let b(p) = 3*p**2 + 3*p - 6. Let j be (-12)/(-3)*9/(-6). Let o be b(j). What is the greatest common divisor of 12 and o?
12
Suppose 0 = 5*l + 2 - 22. Su